{"id":16,"date":"2021-11-24T11:58:42","date_gmt":"2021-11-24T10:58:42","guid":{"rendered":"http:\/\/bienlouerconciergerie.fr\/?page_id=16"},"modified":"2026-01-19T15:10:28","modified_gmt":"2026-01-19T14:10:28","slug":"accueil","status":"publish","type":"page","link":"https:\/\/bienlouerconciergerie.fr\/index.php\/accueil\/","title":{"rendered":"Bienvenue"},"content":{"rendered":"\n<p class=\"has-cyan-bluish-gray-color has-text-color has-link-color wp-elements-8e70a1a3e26b6cddf5d280baa0a8fbf7\">Situ\u00e9e en Sud-Ard\u00e8che, secteur de Joyeuse, Bien Louer Conciergerie c\u2019est<br>plus de temps libre, plus de r\u00e9servations, plus de revenus avec<br>l\u2019assistance aux g\u00e9rants de locations de courte dur\u00e9e pour les t\u00e2ches de<br>rotation des locataires d\u2019h\u00e9bergements meubl\u00e9s toute l&rsquo;ann\u00e9e.<\/p>\n\n\n\n<p>LA GESTION COMPL\u00c8TE DE VOTRE LOGEMENT<\/p>\n\n\n\n<p class=\"has-cyan-bluish-gray-color has-text-color has-link-color wp-elements-8e70a1a3e26b6cddf5d280baa0a8fbf7\">Situ\u00e9e en Sud-Ard\u00e8che, secteur de Joyeuse, Bien Louer Conciergerie c\u2019est<br>plus de temps libre, plus de r\u00e9servations, plus de revenus avec<br>l\u2019assistance aux g\u00e9rants de locations de courte dur\u00e9e pour les t\u00e2ches de<br>rotation des locataires d\u2019h\u00e9bergements meubl\u00e9s toute l&rsquo;ann\u00e9e.<\/p>\n\n\n\n<p class=\"has-cyan-bluish-gray-color has-text-color\">En confiant votre gestion, vous profitez de 8  ann\u00e9es de g\u00e9rance et\/ou d\u2019assistance \u00e0 des propri\u00e9taires d\u00e9bord\u00e9s et de la formation sp\u00e9cifique de l\u2019activit\u00e9 de conciergerie en toute confiance car notre savoir faire vous assure le bon fonctionnement des h\u00e9bergements et la satisfaction des voyageurs (accueil, m\u00e9nage, linge, d\u00e9part avec les protocoles COVID )<\/p>\n\n\n\n<p class=\"has-cyan-bluish-gray-color has-text-color\">Nous avons g\u00e9r\u00e9  environ 400 s\u00e9jours depuis  2022.<br><br>Pour r\u00e9pondre au plus pr\u00e8s \u00e0 vos besoins,<br>Bien Louer Conciergerie s\u2019associe \u00e0 \u00abCocoonr\u00bb<br>pour la commercialisation et la gestion de votre logement toute l\u2019ann\u00e9e.<\/p>\n\n\n<div class=\"wp-block-image\">\n<figure class=\"aligncenter size-large is-resized\"><img loading=\"lazy\" decoding=\"async\" width=\"1024\" height=\"577\" src=\"https:\/\/bienlouerconciergerie.fr\/wp-content\/uploads\/2021\/12\/Sans-titre-1-1024x577.png\" alt=\"\" class=\"wp-image-994\" style=\"width:696px;height:auto\" srcset=\"https:\/\/bienlouerconciergerie.fr\/wp-content\/uploads\/2021\/12\/Sans-titre-1-1024x577.png 1024w, https:\/\/bienlouerconciergerie.fr\/wp-content\/uploads\/2021\/12\/Sans-titre-1-300x169.png 300w, https:\/\/bienlouerconciergerie.fr\/wp-content\/uploads\/2021\/12\/Sans-titre-1-768x433.png 768w, https:\/\/bienlouerconciergerie.fr\/wp-content\/uploads\/2021\/12\/Sans-titre-1-1536x865.png 1536w, https:\/\/bienlouerconciergerie.fr\/wp-content\/uploads\/2021\/12\/Sans-titre-1.png 1640w\" sizes=\"(max-width: 767px) 89vw, (max-width: 1000px) 54vw, (max-width: 1071px) 543px, 580px\" \/><figcaption class=\"wp-element-caption\"><mark style=\"background-color:rgba(0, 0, 0, 0)\" class=\"has-inline-color has-cyan-bluish-gray-color\">Secteur principal: Joyeuse,  Rosi\u00e8res, Lablach\u00e8re, <\/mark><\/figcaption><\/figure><\/div>\n\n\n<p class=\"has-cyan-bluish-gray-color has-text-color\"> <\/p>\n\n\n\n<p>NOTRE PROPOSITION,<br>NOS PRESTATIONS<\/p>\n\n\n\n<p class=\"has-cyan-bluish-gray-color has-text-color\">C\u2019est sur place, la pr\u00e9sence de personnes pour assister les propri\u00e9taires absents dans la gestion de leur locations courtes dur\u00e9es en compl\u00e9ment de  l\u2019optimisation de la pr\u00e9sence sur internet via un partenariat efficace.<\/p>\n\n\n\n<p class=\"has-cyan-bluish-gray-color has-text-color has-link-color wp-elements-6617a8d0a61bea296f00203ca8a130a3\">NOTRE ACCOMPAGNEMENT AUX PROPRI\u00c9TAIRES<br>+<br>GESTION DE L\u2019ENTRETIEN<br>\u2713 Pr\u00e9paration du logement \/ Nettoyage professionnel et hygi\u00e8nique<br>\u2713 Location de linge et gestion<br>\u2713 Gardiennage<br>\u2713 Conseils touristiques<br>\u2713 M\u00e9nage possible pendant le s\u00e9jour<\/p>\n\n\n\n<p class=\"has-cyan-bluish-gray-color has-text-color has-link-color wp-elements-62cc56fb16ff06153c68433fc4c8c443\"><br>GESTION DES VOYAGEURS<br>\u2713 Check-in \/ Remise des cl\u00e9s<br>\u2713 Check-out<br>\u2713 Accueil chaleureux<br>\u2713 Assistance voyageurs 7j\/7j<\/p>\n\n\n\n<p class=\"has-cyan-bluish-gray-color has-text-color has-link-color wp-elements-cc4bce07d8275ca94274ec5698322642\">UNE SOLUTION COMPL\u00c9MENTAIRE<br>AUX PRESTATIONS DE BIEN LOUER CONCIERGERIE<\/p>\n\n\n\n<p class=\"has-cyan-bluish-gray-color has-text-color has-link-color wp-elements-66e1daedb15fd797126e77c69823d796\">NOUS OFFRONS LA MEILLEURE VISIBILIT\u00c9<\/p>\n\n\n\n<p class=\"has-cyan-bluish-gray-color has-text-color has-link-color wp-elements-3772ac08d174495cff5f6f15a90b946b\">DIFFUSION DE VOTRE ANNONCE SUR + DE 20 PLATEFORMES<br>dont les tours op\u00e9rateurs des comit\u00e9s d\u2019entreprise<\/p>\n\n\n\n<p class=\"has-cyan-bluish-gray-color has-text-color has-link-color wp-elements-7530dc62a97bc3fbd3853e5016fa724c\">UNE COMMERCIALISATION EFFICACE, COMPL\u00c8TE &amp; SOUPLE<br>PAS D\u2019ABONNEMENT (aucun frais aux p\u00e9riodes o\u00f9 vous ne louez pas)<br>CR\u00c9ATION DES ANNONCES<br>1 SEUL CALENDRIER<br>R\u00c9PONSES AUX VOYAGEURS (en plusieurs langues)<br>COLLECTE &amp; REVERSEMENT DES TAXE DE S\u00c9JOURS<br>GESTION DES ENCAISSEMENTS<br>OPTIMISATION DES PRIX<\/p>\n\n\n\n<p class=\"has-cyan-bluish-gray-color has-text-color has-link-color wp-elements-7774c183f7ec8d7c31b475ad5927931b\">Entreprise soutenue par <a href=\"https:\/\/images.app.goo.gl\/5uSAQY1oDPw8pdCL7\" target=\"_blank\" rel=\"noreferrer noopener\">L&rsquo;ADIE ET LA REGION AUVERGNE RHONE ALPES <\/a><\/p>\n\n\n\n<p class=\"has-text-align-left has-medium-font-size\"><br><\/p>\n","protected":false},"excerpt":{"rendered":"<p>Situ\u00e9e en Sud-Ard\u00e8che, secteur de Joyeuse, Bien Louer Conciergerie c\u2019estplus de temps libre, plus de r\u00e9servations, plus de revenus avecl\u2019assistance aux g\u00e9rants de locations de courte dur\u00e9e pour les t\u00e2ches derotation des locataires d\u2019h\u00e9bergements meubl\u00e9s toute l&rsquo;ann\u00e9e. LA GESTION COMPL\u00c8TE DE VOTRE LOGEMENT Situ\u00e9e en Sud-Ard\u00e8che, secteur de Joyeuse, Bien Louer Conciergerie c\u2019estplus de temps &hellip; <\/p>\n<p class=\"link-more\"><a href=\"https:\/\/bienlouerconciergerie.fr\/index.php\/accueil\/\" class=\"more-link\">Continuer la lecture<span class=\"screen-reader-text\"> de &laquo;&nbsp;Bienvenue&nbsp;&raquo;<\/span><\/a><\/p>\n","protected":false},"author":1,"featured_media":0,"parent":0,"menu_order":0,"comment_status":"closed","ping_status":"closed","template":"","meta":{"footnotes":""},"_links":{"self":[{"href":"https:\/\/bienlouerconciergerie.fr\/index.php\/wp-json\/wp\/v2\/pages\/16"}],"collection":[{"href":"https:\/\/bienlouerconciergerie.fr\/index.php\/wp-json\/wp\/v2\/pages"}],"about":[{"href":"https:\/\/bienlouerconciergerie.fr\/index.php\/wp-json\/wp\/v2\/types\/page"}],"author":[{"embeddable":true,"href":"https:\/\/bienlouerconciergerie.fr\/index.php\/wp-json\/wp\/v2\/users\/1"}],"replies":[{"embeddable":true,"href":"https:\/\/bienlouerconciergerie.fr\/index.php\/wp-json\/wp\/v2\/comments?post=16"}],"version-history":[{"count":32,"href":"https:\/\/bienlouerconciergerie.fr\/index.php\/wp-json\/wp\/v2\/pages\/16\/revisions"}],"predecessor-version":[{"id":1811,"href":"https:\/\/bienlouerconciergerie.fr\/index.php\/wp-json\/wp\/v2\/pages\/16\/revisions\/1811"}],"wp:attachment":[{"href":"https:\/\/bienlouerconciergerie.fr\/index.php\/wp-json\/wp\/v2\/media?parent=16"}],"curies":[{"name":"wp","href":"https:\/\/api.w.org\/{rel}","templated":true}]}}